{"id":5503,"date":"2023-01-20T17:36:47","date_gmt":"2023-01-20T16:36:47","guid":{"rendered":"https:\/\/cftc-sicsti.fr\/cegid\/?page_id=5503"},"modified":"2023-01-20T17:36:47","modified_gmt":"2023-01-20T16:36:47","slug":"le-projet-cftc","status":"publish","type":"page","link":"https:\/\/cftc-sicsti.fr\/cegid\/le-projet-cftc\/","title":{"rendered":"Le projet CFTC"},"content":{"rendered":"\t\t<div data-elementor-type=\"wp-page\" data-elementor-id=\"5503\" class=\"elementor elementor-5503\" data-elementor-post-type=\"page\">\n\t\t\t\t\t\t<section class=\"elementor-section elementor-top-section elementor-element elementor-element-4dbb5f7 elementor-section-boxed elementor-section-height-default elementor-section-height-default\" data-id=\"4dbb5f7\" data-element_type=\"section\" data-e-type=\"section\" data-settings=\"{&quot;background_background&quot;:&quot;classic&quot;}\">\n\t\t\t\t\t\t\t<div class=\"elementor-background-overlay\"><\/div>\n\t\t\t\t\t\t\t<div class=\"elementor-container elementor-column-gap-default\">\n\t\t\t\t\t<div class=\"elementor-column elementor-col-100 elementor-top-column elementor-element elementor-element-77e171c\" data-id=\"77e171c\" data-element_type=\"column\" data-e-type=\"column\">\n\t\t\t<div class=\"elementor-widget-wrap elementor-element-populated\">\n\t\t\t\t\t\t<div class=\"elementor-element elementor-element-87ed2ef elementor-widget elementor-widget-image\" data-id=\"87ed2ef\" data-element_type=\"widget\" data-e-type=\"widget\" data-widget_type=\"image.default\">\n\t\t\t\t<div class=\"elementor-widget-container\">\n\t\t\t\t\t\t\t\t\t\t\t\t\t\t\t<img fetchpriority=\"high\" decoding=\"async\" width=\"800\" height=\"567\" src=\"https:\/\/cftc-sicsti.fr\/cegid\/wp-content\/uploads\/sites\/145\/2021\/01\/30698239_2050355395180211_8981026264105408372_n.jpg\" class=\"attachment-large size-large wp-image-1490\" alt=\"\" \/>\t\t\t\t\t\t\t\t\t\t\t\t\t\t\t<\/div>\n\t\t\t\t<\/div>\n\t\t\t\t<div class=\"elementor-element elementor-element-d87f45d elementor-widget elementor-widget-text-editor\" data-id=\"d87f45d\" data-element_type=\"widget\" data-e-type=\"widget\" data-widget_type=\"text-editor.default\">\n\t\t\t\t<div class=\"elementor-widget-container\">\n\t\t\t\t\t\t\t\t\t<h2 style=\"margin: 0px;padding: 0px;border: 0px;vertical-align: baseline;text-transform: uppercase;font-weight: 800;text-align: center\"><span style=\"color: #b1b1b1;font-family: Raleway, sans-serif\"><span style=\"font-size: 15.3333px\">un nouveau contrat social<\/span><\/span><\/h2><div><span style=\"color: #b1b1b1;font-family: Raleway, sans-serif\"><span style=\"font-size: 15.3333px\">\u00a0<\/span><\/span><\/div><h2 style=\"margin: 0px;padding: 0px;border: 0px;font-size: 52px;vertical-align: baseline;font-family: Raleway, 'Helvetica Neue', Helvetica, sans-serif;text-transform: uppercase;font-weight: 800;text-align: center;color: #555555\">notre projet : contribuer \u00e0 un nouveau\u00a0<\/h2><h2 style=\"margin: 0px;padding: 0px;border: 0px;font-size: 52px;vertical-align: baseline;font-family: Raleway, 'Helvetica Neue', Helvetica, sans-serif;text-transform: uppercase;font-weight: 800;text-align: center;color: #555555\">contrat social<\/h2><div>\u00a0<\/div><div><p style=\"font-family: Raleway, sans-serif;font-size: 25px;text-align: justify\">\u00a0<\/p><p style=\"font-family: Raleway, sans-serif;font-size: 25px;text-align: justify\"><b>NOUS RENOUVELONS LE DIALOGUE SOCIAL<\/b><\/p><p style=\"font-family: Raleway, sans-serif;font-size: 25px;text-align: justify\">Pour nous, le dialogue est un outil privil\u00e9gi\u00e9 pour concilier performances \u00e9conomiques et sociales en parvenant \u00e0 des accords \u00ab gagnant-gagnant \u00bb, pour les salari\u00e9s comme pour les entreprises.\u00a0<\/p><p style=\"font-family: Raleway, sans-serif;font-size: 25px;text-align: justify\"><b>NOUS CONSTRUISONS UN NOUVEAU CONTRAT SOCIAL<\/b><\/p><p style=\"text-align: justify\"><span style=\"font-family: Raleway, sans-serif\"><span style=\"font-size: 25px\">Aujourd\u2019hui, de nouveaux emplois sont en train de na\u00eetre, parfois hors du champ de l\u2019entreprise. Une carri\u00e8re ne s\u2019envisage plus dans une seule entreprise, et les trajectoires professionnelles sont davantage marqu\u00e9es par des p\u00e9riodes de rupture et de transition. Afin de s\u00e9curiser les parcours, la cr\u00e9ation d\u2019un r\u00e9gime universel de protection sociale prenant en compte ces \u00e9volutions devient n\u00e9cessaire.<\/span><\/span><\/p><p style=\"text-align: justify\"><span style=\"font-family: Raleway, sans-serif\"><span style=\"font-size: 25px\"><b>NOUS MILITONS POUR QUE LE NUM\u00c9RIQUE SERVE L\u2019HOMME<\/b><\/span><\/span><\/p><p style=\"text-align: justify\"><span style=\"font-size: 25px;font-family: Raleway, sans-serif;color: var( --e-global-color-text )\">Notre r\u00f4le en tant qu\u2019Organisation syndicale : anticiper les bouleversements et les cons\u00e9quences de l\u2019introduction de la robotique et du num\u00e9rique dans le monde du travail. Les n\u00e9cessaires adaptations ne doivent pas \u00eatre contraires aux principes humains fondamentaux, aux normes sociales internationales ou \u00e0 la lutte contre les effets du changement climatique.<\/span><\/p><\/div>\t\t\t\t\t\t\t\t<\/div>\n\t\t\t\t<\/div>\n\t\t\t\t\t<\/div>\n\t\t<\/div>\n\t\t\t\t\t<\/div>\n\t\t<\/section>\n\t\t\t\t<section class=\"elementor-section elementor-top-section elementor-element elementor-element-0d26b18 elementor-section-boxed elementor-section-height-default elementor-section-height-default\" data-id=\"0d26b18\" data-element_type=\"section\" data-e-type=\"section\" data-settings=\"{&quot;background_background&quot;:&quot;classic&quot;}\">\n\t\t\t\t\t\t\t<div class=\"elementor-background-overlay\"><\/div>\n\t\t\t\t\t\t\t<div class=\"elementor-container elementor-column-gap-default\">\n\t\t\t\t\t<div class=\"elementor-column elementor-col-100 elementor-top-column elementor-element elementor-element-6744418\" data-id=\"6744418\" data-element_type=\"column\" data-e-type=\"column\">\n\t\t\t<div class=\"elementor-widget-wrap elementor-element-populated\">\n\t\t\t\t\t\t<div class=\"elementor-element elementor-element-45aa56a elementor-widget elementor-widget-text-editor\" data-id=\"45aa56a\" data-element_type=\"widget\" data-e-type=\"widget\" data-widget_type=\"text-editor.default\">\n\t\t\t\t<div class=\"elementor-widget-container\">\n\t\t\t\t\t\t\t\t\t<div style=\"color: #3d4459;font-family: Montserrat, sans-serif;background-color: #ffffff;line-height: 15pt;font-size: 10pt\"><blockquote><div style=\"line-height: 15pt;font-size: 10pt\"><i>\u00ab\u00a0Pour d\u00e9fendre celui qui travaille Et prot\u00e9ger celui qui ne travaille plus Nous croyons qu\u2019il faudra toujours se battre Mais nous croyons qu\u2019en hurlant, on se fait entendre \u2026 et rarement\u00a0<span style=\"font-size: 10pt;font-weight: var( --e-global-typography-text-font-weight )\">\u00e9couter Nous croyons que la violence engendre le chaos mais pas le changement Nous croyons en des valeurs qui guident toutes nos actions Nous croyons au dialogue Nous croyons en l\u2019humain\u00a0<\/span><span style=\"font-size: 10pt;font-weight: var( --e-global-typography-text-font-weight )\">en entreprise comme dans votre quotidien Nous sommes l\u00e0 pour vous : formation, retraite, emploi, logement, familles Nous n\u00e9gocions et dialoguons pour d\u00e9fendre vos droits Nous sommes\u00a0<\/span><span style=\"font-size: 10pt;font-weight: var( --e-global-typography-text-font-weight )\">syndicalistes et constructifs.\u00a0\u00bb<\/span><\/i><\/div><\/blockquote><div>\u00a0<\/div><\/div><div style=\"color: #3d4459;font-family: Montserrat, sans-serif;background-color: #ffffff;line-height: 15pt;font-size: 10pt\"><div style=\"line-height: 15pt;font-size: 10pt\"><div style=\"line-height: 15pt;font-size: 10pt\"><div style=\"line-height: 15pt;font-size: 10pt\"><div style=\"line-height: 15pt;font-size: 10pt\"><div style=\"line-height: 15pt;font-size: 10pt\"><div style=\"line-height: 15pt;font-size: 10pt\"><div style=\"line-height: 15pt;font-size: 10pt\"><div style=\"line-height: 15pt;font-size: 10pt\">\u00a0<\/div><\/div><\/div><\/div><\/div><\/div><\/div><\/div><\/div>\t\t\t\t\t\t\t\t<\/div>\n\t\t\t\t<\/div>\n\t\t\t\t<div class=\"elementor-element elementor-element-7efd98e elementor-widget elementor-widget-text-editor\" data-id=\"7efd98e\" data-element_type=\"widget\" data-e-type=\"widget\" data-widget_type=\"text-editor.default\">\n\t\t\t\t<div class=\"elementor-widget-container\">\n\t\t\t\t\t\t\t\t\t<h2 style=\"margin: 0px;padding: 0px;border: 0px;font-size: 52px;vertical-align: baseline;font-family: Raleway, 'Helvetica Neue', Helvetica, sans-serif;text-transform: uppercase;font-weight: 800;color: #555555;text-align: center\"><span style=\"color: #b1b1b1;font-size: 11.5pt;font-family: Raleway, sans-serif\">privil\u00e9gier le dialogue<\/span><\/h2><div><span style=\"color: #b1b1b1;font-size: 11.5pt;font-family: Raleway, sans-serif\">\u00a0<\/span><\/div><h2 style=\"margin: 0px;padding: 0px;border: 0px;font-size: 52px;vertical-align: baseline;font-family: Raleway, 'Helvetica Neue', Helvetica, sans-serif;text-transform: uppercase;font-weight: 800;text-align: center;color: #555555\">Nous agissons\u00a0<\/h2><h2 style=\"margin: 0px;padding: 0px;border: 0px;font-size: 52px;vertical-align: baseline;font-family: Raleway, 'Helvetica Neue', Helvetica, sans-serif;text-transform: uppercase;font-weight: 800;text-align: center;color: #555555\">en faveur des salari\u00e9s\u00a0<\/h2><h2 style=\"margin: 0px;padding: 0px;border: 0px;font-size: 52px;vertical-align: baseline;font-family: Raleway, 'Helvetica Neue', Helvetica, sans-serif;text-transform: uppercase;font-weight: 800;text-align: center;color: #555555\">en privil\u00e9giant le dialogue<\/h2><div>\u00a0<\/div><div><p style=\"text-align: justify\"><b><span style=\"font-family: Raleway, sans-serif\"><span style=\"font-size: 25px\">\u00a0<\/span><\/span><\/b><\/p><p style=\"text-align: justify\"><b><span style=\"font-family: Raleway, sans-serif\"><span style=\"font-size: 25px\">NOUS PROT\u00c9GEONS\u00a0<\/span><\/span><span style=\"font-size: 25px;font-family: Raleway, sans-serif;color: var( --e-global-color-text )\">LES ACTIFS<\/span><\/b><\/p><p style=\"text-align: justify\"><span style=\"font-family: Raleway, sans-serif\"><span style=\"font-size: 25px\">Dans une entreprise, quelle que soit sa taille, la CFTC accompagne les salari\u00e9s. Nous agissons pour faciliter les \u00e9changes entre le travailleur et l\u2019\u00e9tablissement employeur. Veiller, informer, alerter, prot\u00e9ger et proposer, telles sont les missions de la CFTC. La CFTC a milit\u00e9 en faveur du droit \u00e0 la d\u00e9connexion. Objectif : mieux respecter les temps de repos et de cong\u00e9s.<\/span><\/span><\/p><p style=\"text-align: justify\"><b><span style=\"font-family: Raleway, sans-serif\"><span style=\"font-size: 25px\">NOUS N\u00c9GOCIONS\u00a0<\/span><\/span><span style=\"font-size: 25px;font-family: Raleway, sans-serif;color: var( --e-global-color-text )\">POUR LES ACTIFS<\/span><\/b><\/p><p style=\"text-align: justify\"><span style=\"font-family: Raleway, sans-serif\"><span style=\"font-size: 25px\">Nous portons des revendications selon nos principes et nos ambitions pour les travailleurs. Nous intervenons \u00e0 plusieurs niveaux, toujours dans un esprit de dialogue et de construction sociale : n\u00e9gociation au niveau interprofessionnel, dans les branches professionnelles et dans l\u2019entreprise. La CFTC milite pour la cr\u00e9ation d\u2019un comit\u00e9 paritaire permanent du dialogue social (C2PDS).<\/span><\/span><\/p><p style=\"text-align: justify\"><b><span style=\"font-family: Raleway, sans-serif\"><span style=\"font-size: 25px\">NOUS G\u00c9RONS\u00a0<\/span><\/span><span style=\"font-size: 25px;font-family: Raleway, sans-serif;color: var( --e-global-color-text )\">LES ORGANISMES\u00a0<\/span><span style=\"font-size: 25px;font-family: Raleway, sans-serif;color: var( --e-global-color-text )\">DE PROTECTION SOCIALE DANS L\u2019INT\u00c9R\u00caT DE CHACUN<\/span><\/b><\/p><p style=\"text-align: justify\"><span style=\"font-family: Raleway, sans-serif\"><span style=\"font-size: 25px\">L\u2019action syndicale passe \u00e9galement par la gestion des organismes paritaires : S\u00e9curit\u00e9 sociale, ch\u00f4mage, formation\u2026 Employeurs et salari\u00e9s y sont repr\u00e9sent\u00e9s \u00e0 parts \u00e9gales. Ensemble, nous g\u00e9rons, par des d\u00e9cisions politiques, l\u2019orientation et l\u2019utilisation des cotisations sociales. La CFTC a appuy\u00e9 la mise en place du Compte Personnel d\u2019Activit\u00e9 (CPA) : un compte qui regroupe l\u2019ensemble des droits acquis par les salari\u00e9s en cours de carri\u00e8re : formation, p\u00e9nibilit\u00e9, ch\u00f4mage\u2026 des droits que les salari\u00e9s conservent m\u00eame en cas de changement d\u2019entreprise !<\/span><\/span><\/p><p style=\"text-align: justify\"><span style=\"font-family: Raleway, sans-serif\"><span style=\"font-size: 25px\">\u00a0<\/span><\/span><\/p><p style=\"text-align: justify\"><span style=\"font-family: Raleway, sans-serif\"><span style=\"font-size: 25px\">Cette vision reste la n\u00f4tre car elle est bas\u00e9e sur l\u2019\u00e9coute et la n\u00e9gociation :\u00a0<\/span><\/span><span style=\"color: var( --e-global-color-text );font-family: Raleway, sans-serif;font-size: 25px;font-weight: bolder\">\u00ab\u00a0Savoir s\u2019opposer, toujours proposer\u00a0\u00bb<\/span><\/p><\/div>\t\t\t\t\t\t\t\t<\/div>\n\t\t\t\t<\/div>\n\t\t\t\t\t<\/div>\n\t\t<\/div>\n\t\t\t\t\t<\/div>\n\t\t<\/section>\n\t\t\t\t<section class=\"elementor-section elementor-top-section elementor-element elementor-element-7ff104a4 elementor-section-boxed elementor-section-height-default elementor-section-height-default\" data-id=\"7ff104a4\" data-element_type=\"section\" data-e-type=\"section\" data-settings=\"{&quot;background_background&quot;:&quot;gradient&quot;,&quot;shape_divider_top&quot;:&quot;waves&quot;}\">\n\t\t\t\t\t\t\t<div class=\"elementor-background-overlay\"><\/div>\n\t\t\t\t\t\t<div class=\"elementor-shape elementor-shape-top\" aria-hidden=\"true\" data-negative=\"false\">\n\t\t\t<svg xmlns=\"http:\/\/www.w3.org\/2000\/svg\" viewBox=\"0 0 1000 100\" preserveAspectRatio=\"none\">\n\t<path class=\"elementor-shape-fill\" d=\"M421.9,6.5c22.6-2.5,51.5,0.4,75.5,5.3c23.6,4.9,70.9,23.5,100.5,35.7c75.8,32.2,133.7,44.5,192.6,49.7\n\tc23.6,2.1,48.7,3.5,103.4-2.5c54.7-6,106.2-25.6,106.2-25.6V0H0v30.3c0,0,72,32.6,158.4,30.5c39.2-0.7,92.8-6.7,134-22.4\n\tc21.2-8.1,52.2-18.2,79.7-24.2C399.3,7.9,411.6,7.5,421.9,6.5z\"\/>\n<\/svg>\t\t<\/div>\n\t\t\t\t\t<div class=\"elementor-container elementor-column-gap-default\">\n\t\t\t\t\t<div class=\"elementor-column elementor-col-50 elementor-top-column elementor-element elementor-element-694c8592\" data-id=\"694c8592\" data-element_type=\"column\" data-e-type=\"column\">\n\t\t\t<div class=\"elementor-widget-wrap elementor-element-populated\">\n\t\t\t\t\t\t<div class=\"elementor-element elementor-element-d081827 elementor-widget elementor-widget-heading\" data-id=\"d081827\" data-element_type=\"widget\" data-e-type=\"widget\" data-widget_type=\"heading.default\">\n\t\t\t\t<div class=\"elementor-widget-container\">\n\t\t\t\t\t<h4 class=\"elementor-heading-title elementor-size-default\">Nos id\u00e9es t'int\u00e9ressent ? <br>Qui sait : un jour tu auras peut-\u00eatre besoin de la CFTC ?<\/h4>\t\t\t\t<\/div>\n\t\t\t\t<\/div>\n\t\t\t\t<div class=\"elementor-element elementor-element-7b33d16e elementor-widget elementor-widget-heading\" data-id=\"7b33d16e\" data-element_type=\"widget\" data-e-type=\"widget\" data-widget_type=\"heading.default\">\n\t\t\t\t<div class=\"elementor-widget-container\">\n\t\t\t\t\t<h2 class=\"elementor-heading-title elementor-size-default\">N'h\u00e9site pas \u00e0 nous joindre directement !<\/h2>\t\t\t\t<\/div>\n\t\t\t\t<\/div>\n\t\t\t\t<div class=\"elementor-element elementor-element-4e7fe35 elementor-mobile-align-center elementor-widget elementor-widget-button\" data-id=\"4e7fe35\" data-element_type=\"widget\" data-e-type=\"widget\" data-widget_type=\"button.default\">\n\t\t\t\t<div class=\"elementor-widget-container\">\n\t\t\t\t\t\t\t\t\t<div class=\"elementor-button-wrapper\">\n\t\t\t\t\t<a class=\"elementor-button elementor-button-link elementor-size-md\" href=\"http:\/\/cftc-sicsti.fr\/cegid\/?page_id=59\">\n\t\t\t\t\t\t<span class=\"elementor-button-content-wrapper\">\n\t\t\t\t\t\t<span class=\"elementor-button-icon\">\n\t\t\t\t<i aria-hidden=\"true\" class=\"fas fa-arrow-right\"><\/i>\t\t\t<\/span>\n\t\t\t\t\t\t\t\t\t<span class=\"elementor-button-text\">Tous nos contacts  ICI !<\/span>\n\t\t\t\t\t<\/span>\n\t\t\t\t\t<\/a>\n\t\t\t\t<\/div>\n\t\t\t\t\t\t\t\t<\/div>\n\t\t\t\t<\/div>\n\t\t\t\t\t<\/div>\n\t\t<\/div>\n\t\t\t\t<div class=\"elementor-column elementor-col-50 elementor-top-column elementor-element elementor-element-3b895e62\" data-id=\"3b895e62\" data-element_type=\"column\" data-e-type=\"column\">\n\t\t\t<div class=\"elementor-widget-wrap elementor-element-populated\">\n\t\t\t\t\t\t<div class=\"elementor-element elementor-element-2c7d2e13 elementor-widget elementor-widget-image\" data-id=\"2c7d2e13\" data-element_type=\"widget\" data-e-type=\"widget\" data-settings=\"{&quot;motion_fx_motion_fx_scrolling&quot;:&quot;yes&quot;,&quot;motion_fx_translateY_effect&quot;:&quot;yes&quot;,&quot;motion_fx_translateY_direction&quot;:&quot;negative&quot;,&quot;motion_fx_translateY_speed&quot;:{&quot;unit&quot;:&quot;px&quot;,&quot;size&quot;:&quot;1&quot;,&quot;sizes&quot;:[]},&quot;motion_fx_devices&quot;:[&quot;desktop&quot;,&quot;tablet&quot;],&quot;motion_fx_translateY_affectedRange&quot;:{&quot;unit&quot;:&quot;%&quot;,&quot;size&quot;:&quot;&quot;,&quot;sizes&quot;:{&quot;start&quot;:&quot;0&quot;,&quot;end&quot;:&quot;50&quot;}}}\" data-widget_type=\"image.default\">\n\t\t\t\t<div class=\"elementor-widget-container\">\n\t\t\t\t\t\t\t\t\t\t\t\t\t\t\t<img decoding=\"async\" width=\"940\" height=\"788\" src=\"https:\/\/cftc-sicsti.fr\/cegid\/wp-content\/uploads\/sites\/145\/2021\/01\/besoin1.png\" class=\"attachment-full size-full wp-image-1265\" alt=\"\" \/>\t\t\t\t\t\t\t\t\t\t\t\t\t\t\t<\/div>\n\t\t\t\t<\/div>\n\t\t\t\t<section class=\"elementor-section elementor-inner-section elementor-element elementor-element-2642fad elementor-section-boxed elementor-section-height-default elementor-section-height-default\" data-id=\"2642fad\" data-element_type=\"section\" data-e-type=\"section\">\n\t\t\t\t\t\t<div class=\"elementor-container elementor-column-gap-default\">\n\t\t\t\t\t<div class=\"elementor-column elementor-col-50 elementor-inner-column elementor-element elementor-element-0a0edfd\" data-id=\"0a0edfd\" data-element_type=\"column\" data-e-type=\"column\">\n\t\t\t<div class=\"elementor-widget-wrap elementor-element-populated\">\n\t\t\t\t\t\t<div class=\"elementor-element elementor-element-85f4425 elementor-widget elementor-widget-text-editor\" data-id=\"85f4425\" data-element_type=\"widget\" data-e-type=\"widget\" data-widget_type=\"text-editor.default\">\n\t\t\t\t<div class=\"elementor-widget-container\">\n\t\t\t\t\t\t\t\t\t<p style=\"text-align: right;color: #ffffff;vertical-align: middle\">La CFTC respecte la<\/p>\t\t\t\t\t\t\t\t<\/div>\n\t\t\t\t<\/div>\n\t\t\t\t\t<\/div>\n\t\t<\/div>\n\t\t\t\t<div class=\"elementor-column elementor-col-50 elementor-inner-column elementor-element elementor-element-88c255e\" data-id=\"88c255e\" data-element_type=\"column\" data-e-type=\"column\">\n\t\t\t<div class=\"elementor-widget-wrap elementor-element-populated\">\n\t\t\t\t\t\t<div class=\"elementor-element elementor-element-a1f5bd0 elementor-widget elementor-widget-image\" data-id=\"a1f5bd0\" data-element_type=\"widget\" data-e-type=\"widget\" data-widget_type=\"image.default\">\n\t\t\t\t<div class=\"elementor-widget-container\">\n\t\t\t\t\t\t\t\t\t\t\t\t\t\t\t\t<a href=\"#elementor-action%3Aaction%3Dpopup%3Aopen%26settings%3DeyJpZCI6IjEzNTkiLCJ0b2dnbGUiOmZhbHNlfQ%3D%3D\">\n\t\t\t\t\t\t\t<img decoding=\"async\" width=\"800\" height=\"420\" src=\"https:\/\/cftc-sicsti.fr\/cegid\/wp-content\/uploads\/sites\/145\/2021\/01\/rgpd-bilan-1-an-fb1.jpg\" class=\"attachment-large size-large wp-image-1829\" alt=\"\" \/>\t\t\t\t\t\t\t\t<\/a>\n\t\t\t\t\t\t\t\t\t\t\t\t\t\t\t<\/div>\n\t\t\t\t<\/div>\n\t\t\t\t\t<\/div>\n\t\t<\/div>\n\t\t\t\t\t<\/div>\n\t\t<\/section>\n\t\t\t\t\t<\/div>\n\t\t<\/div>\n\t\t\t\t\t<\/div>\n\t\t<\/section>\n\t\t\t\t<\/div>\n\t\t","protected":false},"excerpt":{"rendered":"<p>un nouveau contrat social notre projet : contribuer \u00e0 un nouveau contrat social NOUS RENOUVELONS LE DIALOGUE SOCIAL Pour nous, le dialogue est un outil privil\u00e9gi\u00e9 pour concilier performances \u00e9conomiques et sociales en parvenant \u00e0 des accords \u00ab gagnant-gagnant \u00bb, pour les salari\u00e9s comme pour les entreprises. NOUS CONSTRUISONS UN NOUVEAU CONTRAT SOCIAL Aujourd\u2019hui, de [&hellip;]<\/p>\n","protected":false},"author":306,"featured_media":0,"parent":0,"menu_order":0,"comment_status":"closed","ping_status":"closed","template":"","meta":{"footnotes":""},"class_list":["post-5503","page","type-page","status-publish","hentry"],"_links":{"self":[{"href":"https:\/\/cftc-sicsti.fr\/cegid\/wp-json\/wp\/v2\/pages\/5503","targetHints":{"allow":["GET"]}}],"collection":[{"href":"https:\/\/cftc-sicsti.fr\/cegid\/wp-json\/wp\/v2\/pages"}],"about":[{"href":"https:\/\/cftc-sicsti.fr\/cegid\/wp-json\/wp\/v2\/types\/page"}],"author":[{"embeddable":true,"href":"https:\/\/cftc-sicsti.fr\/cegid\/wp-json\/wp\/v2\/users\/306"}],"replies":[{"embeddable":true,"href":"https:\/\/cftc-sicsti.fr\/cegid\/wp-json\/wp\/v2\/comments?post=5503"}],"version-history":[{"count":3,"href":"https:\/\/cftc-sicsti.fr\/cegid\/wp-json\/wp\/v2\/pages\/5503\/revisions"}],"predecessor-version":[{"id":5515,"href":"https:\/\/cftc-sicsti.fr\/cegid\/wp-json\/wp\/v2\/pages\/5503\/revisions\/5515"}],"wp:attachment":[{"href":"https:\/\/cftc-sicsti.fr\/cegid\/wp-json\/wp\/v2\/media?parent=5503"}],"curies":[{"name":"wp","href":"https:\/\/api.w.org\/{rel}","templated":true}]}}