{"id":5485,"date":"2023-01-20T16:30:03","date_gmt":"2023-01-20T15:30:03","guid":{"rendered":"https:\/\/cftc-sicsti.fr\/cegid\/?page_id=5485"},"modified":"2023-01-20T16:32:54","modified_gmt":"2023-01-20T15:32:54","slug":"comment-adherer","status":"publish","type":"page","link":"https:\/\/cftc-sicsti.fr\/cegid\/comment-adherer\/","title":{"rendered":"Comment adh\u00e9rer ?"},"content":{"rendered":"\t\t<div data-elementor-type=\"wp-page\" data-elementor-id=\"5485\" class=\"elementor elementor-5485\" data-elementor-post-type=\"page\">\n\t\t\t\t\t\t<section class=\"elementor-section elementor-top-section elementor-element elementor-element-33e6512 elementor-section-boxed elementor-section-height-default elementor-section-height-default\" data-id=\"33e6512\" data-element_type=\"section\" data-e-type=\"section\" data-settings=\"{&quot;background_background&quot;:&quot;classic&quot;}\">\n\t\t\t\t\t\t\t<div class=\"elementor-background-overlay\"><\/div>\n\t\t\t\t\t\t\t<div class=\"elementor-container elementor-column-gap-default\">\n\t\t\t\t\t<div class=\"elementor-column elementor-col-100 elementor-top-column elementor-element elementor-element-351c56f\" data-id=\"351c56f\" data-element_type=\"column\" data-e-type=\"column\">\n\t\t\t<div class=\"elementor-widget-wrap elementor-element-populated\">\n\t\t\t\t\t\t<div class=\"elementor-element elementor-element-8140e23 elementor-widget elementor-widget-html\" data-id=\"8140e23\" data-element_type=\"widget\" data-e-type=\"widget\" data-widget_type=\"html.default\">\n\t\t\t\t<div class=\"elementor-widget-container\">\n\t\t\t\t\t<div id=\"avantages\"><\/div>\t\t\t\t<\/div>\n\t\t\t\t<\/div>\n\t\t\t\t<div class=\"elementor-element elementor-element-cc03c1d elementor-widget elementor-widget-text-editor\" data-id=\"cc03c1d\" data-element_type=\"widget\" data-e-type=\"widget\" data-widget_type=\"text-editor.default\">\n\t\t\t\t<div class=\"elementor-widget-container\">\n\t\t\t\t\t\t\t\t\t<h2 style=\"margin: 0px;padding: 0px;border: 0px;vertical-align: baseline;text-transform: uppercase;text-align: center;font-size: 52px;font-family: Raleway, 'Helvetica Neue', Helvetica, sans-serif;color: #555555\"><span style=\"color: #b1b1b1;font-family: Raleway, sans-serif;font-size: 11.5pt\"><b>tu seras syndicaliste<\/b><\/span><span style=\"font-weight: 400;color: #b1b1b1;font-family: Raleway, sans-serif;font-size: 11.5pt\">\u00a0!<\/span><\/h2><h2 style=\"margin: 0px;padding: 0px;border: 0px;font-size: 52px;vertical-align: baseline;font-family: Raleway, 'Helvetica Neue', Helvetica, sans-serif;text-transform: uppercase;font-weight: 800;text-align: center;color: #555555\">Adh\u00e9rez<\/h2><h2 style=\"margin: 0px;padding: 0px;border: 0px;font-size: 52px;vertical-align: baseline;font-family: Raleway, 'Helvetica Neue', Helvetica, sans-serif;text-transform: uppercase;font-weight: 800;text-align: center;color: #555555\">\u00e0 la CFTC !<\/h2><div>\u00a0<\/div><div>\u00a0<\/div><div><p style=\"text-align: justify\">\u00a0<\/p><p style=\"text-align: justify\"><span style=\"font-family: Raleway, sans-serif\"><span style=\"font-size: 25px\">Les syndicats existent parce que des personnes s\u2019associent pour \u00e9tudier et d\u00e9fendre les droits ainsi que les int\u00e9r\u00eats mat\u00e9riels et moraux, collectifs ou individuels des salari\u00e9s.<\/span><\/span><\/p><p style=\"text-align: justify\"><span style=\"font-family: Raleway, sans-serif\"><span style=\"font-size: 25px\">Les militants de la CFTC vous conseillent, vous d\u00e9fendent et vous accompagnent au sein de votre entreprise et dans les permanences d\u00e9partementales.<br \/><\/span><\/span><\/p><p style=\"text-align: justify\"><span style=\"font-family: Raleway, sans-serif\"><span style=\"font-size: 25px\">Une section CFTC dans l\u2019entreprise, c\u2019est l\u2019assurance d\u2019\u00eatre entendu et de b\u00e9n\u00e9ficier d\u2019avantages et de services obtenus par la n\u00e9gociation et la construction sociale. Adh\u00e9rer c\u2019est soutenir un effort quotidien tourn\u00e9 vers le salari\u00e9 dans son entreprise. C\u2019est aussi donner plus de pouvoirs lors des n\u00e9gociations pour am\u00e9liorer vos conditions de travail<\/span><\/span>.<\/p><p style=\"text-align: justify\">\u00a0<\/p><p><span style=\"font-weight: bold;text-align: justify\"><span style=\"font-size: 25px;font-family: Raleway, sans-serif;color: var( --e-global-color-text )\">UN EVENTAIL DE NOS <a href=\"http:\/\/cftc.fr\/comprendre-vos-droits\/les-adherents\">SERVICES<\/a>.<\/span><span style=\"font-weight: bold;text-align: justify\"><span style=\"font-size: 20px;font-family: Raleway, sans-serif;color: var( --e-global-color-text )\"><br \/>En adh\u00e9rant vous avez droit \u00e0 un <u>cr\u00e9dit d\u2019imp\u00f4t de 66%<\/u> du montant de votre cotisation annuelle pour tous ces services !<\/span><span style=\"font-weight: bold;text-align: justify\"><span style=\"font-size: 25px;font-family: Raleway, sans-serif;color: var( --e-global-color-text )\"><br \/><\/span><\/span><\/span><\/span><\/p><p><span style=\"font-weight: bold;text-align: justify\"><span style=\"font-weight: bold;text-align: justify\"><span style=\"font-size: 20px;font-family: Raleway, sans-serif;color: var( --e-global-color-text )\">Enfin, la CFTC respecte la RGPD (R\u00e8glement Int\u00e9rieur sur la Protection des Donn\u00e9es) pour que vos\u00a0<a href=\"http:\/\/cftc.fr\/faq\">donn\u00e9es personnelles<\/a> soient prot\u00e9g\u00e9es !<\/span><\/span><\/span><\/p><\/div>\t\t\t\t\t\t\t\t<\/div>\n\t\t\t\t<\/div>\n\t\t\t\t<section class=\"elementor-section elementor-inner-section elementor-element elementor-element-d0bd80e elementor-section-boxed elementor-section-height-default elementor-section-height-default\" data-id=\"d0bd80e\" data-element_type=\"section\" data-e-type=\"section\" data-settings=\"{&quot;background_background&quot;:&quot;classic&quot;}\">\n\t\t\t\t\t\t<div class=\"elementor-container elementor-column-gap-default\">\n\t\t\t\t\t<div class=\"elementor-column elementor-col-25 elementor-inner-column elementor-element elementor-element-e1034ca\" data-id=\"e1034ca\" data-element_type=\"column\" data-e-type=\"column\">\n\t\t\t<div class=\"elementor-widget-wrap elementor-element-populated\">\n\t\t\t\t\t\t<div class=\"elementor-element elementor-element-26a0d479 elementor-position-top elementor-widget elementor-widget-image-box\" data-id=\"26a0d479\" data-element_type=\"widget\" data-e-type=\"widget\" data-widget_type=\"image-box.default\">\n\t\t\t\t<div class=\"elementor-widget-container\">\n\t\t\t\t\t<div class=\"elementor-image-box-wrapper\"><figure class=\"elementor-image-box-img\"><img fetchpriority=\"high\" decoding=\"async\" width=\"500\" height=\"440\" src=\"https:\/\/cftc-sicsti.fr\/cegid\/wp-content\/uploads\/sites\/145\/2021\/01\/Group-13-Copy1.png\" class=\"attachment-full size-full wp-image-1551\" alt=\"\" \/><\/figure><div class=\"elementor-image-box-content\"><h3 class=\"elementor-image-box-title\">Valeurs<\/h3><p class=\"elementor-image-box-description\">Adh\u00e9rer \u00e0 la CFTC, c'est affirmer ses valeurs ! Le simple fait d\u2019appartenir \u00e0 un mouvement syndical vous permet d\u2019avoir plus de visibilit\u00e9 et d'entrer en contact avec des personnes qui connaissent leur sujet.<\/p><\/div><\/div>\t\t\t\t<\/div>\n\t\t\t\t<\/div>\n\t\t\t\t\t<\/div>\n\t\t<\/div>\n\t\t\t\t<div class=\"elementor-column elementor-col-25 elementor-inner-column elementor-element elementor-element-6d7d963\" data-id=\"6d7d963\" data-element_type=\"column\" data-e-type=\"column\">\n\t\t\t<div class=\"elementor-widget-wrap elementor-element-populated\">\n\t\t\t\t\t\t<div class=\"elementor-element elementor-element-394b4bc6 elementor-position-top elementor-widget elementor-widget-image-box\" data-id=\"394b4bc6\" data-element_type=\"widget\" data-e-type=\"widget\" data-widget_type=\"image-box.default\">\n\t\t\t\t<div class=\"elementor-widget-container\">\n\t\t\t\t\t<div class=\"elementor-image-box-wrapper\"><figure class=\"elementor-image-box-img\"><img decoding=\"async\" width=\"500\" height=\"434\" src=\"https:\/\/cftc-sicsti.fr\/cegid\/wp-content\/uploads\/sites\/145\/2021\/01\/Group-171.png\" class=\"attachment-full size-full wp-image-1553\" alt=\"\" \/><\/figure><div class=\"elementor-image-box-content\"><h3 class=\"elementor-image-box-title\">Mouvement<\/h3><p class=\"elementor-image-box-description\">Le syndicat CFTC a pour seul objet la d\u00e9fense des int\u00e9r\u00eats mat\u00e9riels et moraux des salari\u00e9s dans un cadre r\u00e9gional, national et professionnel. La n\u00e9gociation permet d'obtenir des r\u00e9sultats concrets !<\/p><\/div><\/div>\t\t\t\t<\/div>\n\t\t\t\t<\/div>\n\t\t\t\t\t<\/div>\n\t\t<\/div>\n\t\t\t\t<div class=\"elementor-column elementor-col-25 elementor-inner-column elementor-element elementor-element-e1e2d34\" data-id=\"e1e2d34\" data-element_type=\"column\" data-e-type=\"column\">\n\t\t\t<div class=\"elementor-widget-wrap elementor-element-populated\">\n\t\t\t\t\t\t<div class=\"elementor-element elementor-element-5fdf46d5 elementor-position-top elementor-widget elementor-widget-image-box\" data-id=\"5fdf46d5\" data-element_type=\"widget\" data-e-type=\"widget\" data-widget_type=\"image-box.default\">\n\t\t\t\t<div class=\"elementor-widget-container\">\n\t\t\t\t\t<div class=\"elementor-image-box-wrapper\"><figure class=\"elementor-image-box-img\"><img decoding=\"async\" width=\"500\" height=\"440\" src=\"https:\/\/cftc-sicsti.fr\/cegid\/wp-content\/uploads\/sites\/145\/2021\/01\/Group-11-Copy1.png\" class=\"attachment-full size-full wp-image-1547\" alt=\"\" \/><\/figure><div class=\"elementor-image-box-content\"><h3 class=\"elementor-image-box-title\">r\u00e9seau<\/h3><p class=\"elementor-image-box-description\">La CFTC, c\u2019est aussi un r\u00e9seau de conseillers du salari\u00e9, de d\u00e9fenseurs syndicaux, de repr\u00e9sentants de la section syndicale, de d\u00e9l\u00e9gu\u00e9s syndicaux et d\u2019experts en droit du travail et en n\u00e9gociation ! <\/p><\/div><\/div>\t\t\t\t<\/div>\n\t\t\t\t<\/div>\n\t\t\t\t\t<\/div>\n\t\t<\/div>\n\t\t\t\t<div class=\"elementor-column elementor-col-25 elementor-inner-column elementor-element elementor-element-b9a3a91\" data-id=\"b9a3a91\" data-element_type=\"column\" data-e-type=\"column\">\n\t\t\t<div class=\"elementor-widget-wrap elementor-element-populated\">\n\t\t\t\t\t\t<div class=\"elementor-element elementor-element-5e3e3682 elementor-position-top elementor-widget elementor-widget-image-box\" data-id=\"5e3e3682\" data-element_type=\"widget\" data-e-type=\"widget\" data-widget_type=\"image-box.default\">\n\t\t\t\t<div class=\"elementor-widget-container\">\n\t\t\t\t\t<div class=\"elementor-image-box-wrapper\"><figure class=\"elementor-image-box-img\"><img loading=\"lazy\" decoding=\"async\" width=\"500\" height=\"434\" src=\"https:\/\/cftc-sicsti.fr\/cegid\/wp-content\/uploads\/sites\/145\/2021\/01\/content-icon-new1.png\" class=\"attachment-full size-full wp-image-1554\" alt=\"\" \/><\/figure><div class=\"elementor-image-box-content\"><h3 class=\"elementor-image-box-title\">Informations<\/h3><p class=\"elementor-image-box-description\">Vous b\u00e9n\u00e9ficiez d\u2019informations exclusives sur l\u2019actualit\u00e9 de vos droits (magazine 'Vie \u00e0 d\u00e9fendre'), newsletter, d\u00e9finir des alertes par th\u00e9matiques entre autres sur le droit du travail.<\/p><\/div><\/div>\t\t\t\t<\/div>\n\t\t\t\t<\/div>\n\t\t\t\t\t<\/div>\n\t\t<\/div>\n\t\t\t\t\t<\/div>\n\t\t<\/section>\n\t\t\t\t<section class=\"elementor-section elementor-inner-section elementor-element elementor-element-0a72e15 elementor-section-boxed elementor-section-height-default elementor-section-height-default\" data-id=\"0a72e15\" data-element_type=\"section\" data-e-type=\"section\" data-settings=\"{&quot;background_background&quot;:&quot;classic&quot;}\">\n\t\t\t\t\t\t<div class=\"elementor-container elementor-column-gap-default\">\n\t\t\t\t\t<div class=\"elementor-column elementor-col-25 elementor-inner-column elementor-element elementor-element-4efcb3a\" data-id=\"4efcb3a\" data-element_type=\"column\" data-e-type=\"column\">\n\t\t\t<div class=\"elementor-widget-wrap elementor-element-populated\">\n\t\t\t\t\t\t<div class=\"elementor-element elementor-element-09fd529 elementor-position-top elementor-widget elementor-widget-image-box\" data-id=\"09fd529\" data-element_type=\"widget\" data-e-type=\"widget\" data-widget_type=\"image-box.default\">\n\t\t\t\t<div class=\"elementor-widget-container\">\n\t\t\t\t\t<div class=\"elementor-image-box-wrapper\"><figure class=\"elementor-image-box-img\"><img loading=\"lazy\" decoding=\"async\" width=\"500\" height=\"440\" src=\"https:\/\/cftc-sicsti.fr\/cegid\/wp-content\/uploads\/sites\/145\/2021\/01\/Group-221.png\" class=\"attachment-full size-full wp-image-1555\" alt=\"\" \/><\/figure><div class=\"elementor-image-box-content\"><h3 class=\"elementor-image-box-title\">Mutuelle<br><\/h3><p class=\"elementor-image-box-description\">La mutuelle CFTC-PMF a \u00e9t\u00e9 cr\u00e9\u00e9e en 1985 pour les adh\u00e9rents CFTC et leur famille. Les garanties sont accessibles sans d\u00e9claration ni questionnaire, quels que soient les ant\u00e9c\u00e9dents m\u00e9dicaux lors de la souscription du contrat.<\/p><\/div><\/div>\t\t\t\t<\/div>\n\t\t\t\t<\/div>\n\t\t\t\t\t<\/div>\n\t\t<\/div>\n\t\t\t\t<div class=\"elementor-column elementor-col-25 elementor-inner-column elementor-element elementor-element-c5cbe30\" data-id=\"c5cbe30\" data-element_type=\"column\" data-e-type=\"column\">\n\t\t\t<div class=\"elementor-widget-wrap elementor-element-populated\">\n\t\t\t\t\t\t<div class=\"elementor-element elementor-element-49f9050 elementor-position-top elementor-widget elementor-widget-image-box\" data-id=\"49f9050\" data-element_type=\"widget\" data-e-type=\"widget\" data-widget_type=\"image-box.default\">\n\t\t\t\t<div class=\"elementor-widget-container\">\n\t\t\t\t\t<div class=\"elementor-image-box-wrapper\"><figure class=\"elementor-image-box-img\"><img loading=\"lazy\" decoding=\"async\" width=\"500\" height=\"434\" src=\"https:\/\/cftc-sicsti.fr\/cegid\/wp-content\/uploads\/sites\/145\/2021\/01\/Group-191.png\" class=\"attachment-full size-full wp-image-1556\" alt=\"\" \/><\/figure><div class=\"elementor-image-box-content\"><h3 class=\"elementor-image-box-title\">JuriAssistance<\/h3><p class=\"elementor-image-box-description\">La plateforme JuriAssistance vous donne acc\u00e8s \u00e0 600 fiches juridiques class\u00e9es en 10 domaines, une mise \u00e0 jour quotidienne de \n250 courriers types\naccessible sur tablette et smartphone<\/p><\/div><\/div>\t\t\t\t<\/div>\n\t\t\t\t<\/div>\n\t\t\t\t\t<\/div>\n\t\t<\/div>\n\t\t\t\t<div class=\"elementor-column elementor-col-25 elementor-inner-column elementor-element elementor-element-f88c72e\" data-id=\"f88c72e\" data-element_type=\"column\" data-e-type=\"column\">\n\t\t\t<div class=\"elementor-widget-wrap elementor-element-populated\">\n\t\t\t\t\t\t<div class=\"elementor-element elementor-element-cf4a38f elementor-position-top elementor-widget elementor-widget-image-box\" data-id=\"cf4a38f\" data-element_type=\"widget\" data-e-type=\"widget\" data-widget_type=\"image-box.default\">\n\t\t\t\t<div class=\"elementor-widget-container\">\n\t\t\t\t\t<div class=\"elementor-image-box-wrapper\"><figure class=\"elementor-image-box-img\"><img loading=\"lazy\" decoding=\"async\" width=\"500\" height=\"440\" src=\"https:\/\/cftc-sicsti.fr\/cegid\/wp-content\/uploads\/sites\/145\/2021\/01\/Group-211.png\" class=\"attachment-full size-full wp-image-1557\" alt=\"\" \/><\/figure><div class=\"elementor-image-box-content\"><h3 class=\"elementor-image-box-title\">Formation<\/h3><p class=\"elementor-image-box-description\">Le Portail formation.CFTC.fr vous donne un point d\u2019entr\u00e9e pour les savoirs et les ressources : quiz, exercices, vid\u00e9os et infographie interactive.\nDiff\u00e9rentes rubriques sociales sont accessibles vous donnant acc\u00e8s \u00e0 un forum pour \u00e9changer entre pairs<\/p><\/div><\/div>\t\t\t\t<\/div>\n\t\t\t\t<\/div>\n\t\t\t\t\t<\/div>\n\t\t<\/div>\n\t\t\t\t<div class=\"elementor-column elementor-col-25 elementor-inner-column elementor-element elementor-element-5ef9e2d\" data-id=\"5ef9e2d\" data-element_type=\"column\" data-e-type=\"column\">\n\t\t\t<div class=\"elementor-widget-wrap elementor-element-populated\">\n\t\t\t\t\t\t<div class=\"elementor-element elementor-element-84b0722 elementor-position-top elementor-widget elementor-widget-image-box\" data-id=\"84b0722\" data-element_type=\"widget\" data-e-type=\"widget\" data-widget_type=\"image-box.default\">\n\t\t\t\t<div class=\"elementor-widget-container\">\n\t\t\t\t\t<div class=\"elementor-image-box-wrapper\"><figure class=\"elementor-image-box-img\"><img loading=\"lazy\" decoding=\"async\" width=\"500\" height=\"440\" src=\"https:\/\/cftc-sicsti.fr\/cegid\/wp-content\/uploads\/sites\/145\/2021\/01\/Group-221.png\" class=\"attachment-full size-full wp-image-1555\" alt=\"\" \/><\/figure><div class=\"elementor-image-box-content\"><h3 class=\"elementor-image-box-title\">Protections <\/h3><p class=\"elementor-image-box-description\">[Protection juridique du contrat de travail]\n<br>La CFTC garantit le soutien et la d\u00e9fense de ses adh\u00e9rents qui sont confront\u00e9s \u00e0 un litige avec leur employeur \u00e0 l\u2019occasion d\u2019une sanction disciplinaire comme le licenciement individuel. <\/p><\/div><\/div>\t\t\t\t<\/div>\n\t\t\t\t<\/div>\n\t\t\t\t\t<\/div>\n\t\t<\/div>\n\t\t\t\t\t<\/div>\n\t\t<\/section>\n\t\t\t\t\t<\/div>\n\t\t<\/div>\n\t\t\t\t\t<\/div>\n\t\t<\/section>\n\t\t\t\t<section class=\"elementor-section elementor-top-section elementor-element elementor-element-7ff104a4 elementor-section-boxed elementor-section-height-default elementor-section-height-default\" data-id=\"7ff104a4\" data-element_type=\"section\" data-e-type=\"section\" data-settings=\"{&quot;background_background&quot;:&quot;gradient&quot;,&quot;shape_divider_top&quot;:&quot;waves&quot;}\">\n\t\t\t\t\t\t\t<div class=\"elementor-background-overlay\"><\/div>\n\t\t\t\t\t\t<div class=\"elementor-shape elementor-shape-top\" aria-hidden=\"true\" data-negative=\"false\">\n\t\t\t<svg xmlns=\"http:\/\/www.w3.org\/2000\/svg\" viewBox=\"0 0 1000 100\" preserveAspectRatio=\"none\">\n\t<path class=\"elementor-shape-fill\" d=\"M421.9,6.5c22.6-2.5,51.5,0.4,75.5,5.3c23.6,4.9,70.9,23.5,100.5,35.7c75.8,32.2,133.7,44.5,192.6,49.7\n\tc23.6,2.1,48.7,3.5,103.4-2.5c54.7-6,106.2-25.6,106.2-25.6V0H0v30.3c0,0,72,32.6,158.4,30.5c39.2-0.7,92.8-6.7,134-22.4\n\tc21.2-8.1,52.2-18.2,79.7-24.2C399.3,7.9,411.6,7.5,421.9,6.5z\"\/>\n<\/svg>\t\t<\/div>\n\t\t\t\t\t<div class=\"elementor-container elementor-column-gap-default\">\n\t\t\t\t\t<div class=\"elementor-column elementor-col-50 elementor-top-column elementor-element elementor-element-694c8592\" data-id=\"694c8592\" data-element_type=\"column\" data-e-type=\"column\">\n\t\t\t<div class=\"elementor-widget-wrap elementor-element-populated\">\n\t\t\t\t\t\t<div class=\"elementor-element elementor-element-d081827 elementor-widget elementor-widget-heading\" data-id=\"d081827\" data-element_type=\"widget\" data-e-type=\"widget\" data-widget_type=\"heading.default\">\n\t\t\t\t<div class=\"elementor-widget-container\">\n\t\t\t\t\t<h4 class=\"elementor-heading-title elementor-size-default\">Nos id\u00e9es t'int\u00e9ressent ? <br>Qui sait : un jour tu auras peut-\u00eatre besoin de la CFTC ?<\/h4>\t\t\t\t<\/div>\n\t\t\t\t<\/div>\n\t\t\t\t<div class=\"elementor-element elementor-element-7b33d16e elementor-widget elementor-widget-heading\" data-id=\"7b33d16e\" data-element_type=\"widget\" data-e-type=\"widget\" data-widget_type=\"heading.default\">\n\t\t\t\t<div class=\"elementor-widget-container\">\n\t\t\t\t\t<h2 class=\"elementor-heading-title elementor-size-default\">N'h\u00e9site pas \u00e0 nous joindre directement !<\/h2>\t\t\t\t<\/div>\n\t\t\t\t<\/div>\n\t\t\t\t<div class=\"elementor-element elementor-element-4e7fe35 elementor-mobile-align-center elementor-widget elementor-widget-button\" data-id=\"4e7fe35\" data-element_type=\"widget\" data-e-type=\"widget\" data-widget_type=\"button.default\">\n\t\t\t\t<div class=\"elementor-widget-container\">\n\t\t\t\t\t\t\t\t\t<div class=\"elementor-button-wrapper\">\n\t\t\t\t\t<a class=\"elementor-button elementor-button-link elementor-size-md\" href=\"http:\/\/cftc-sicsti.fr\/cegid\/?page_id=59\">\n\t\t\t\t\t\t<span class=\"elementor-button-content-wrapper\">\n\t\t\t\t\t\t<span class=\"elementor-button-icon\">\n\t\t\t\t<i aria-hidden=\"true\" class=\"fas fa-arrow-right\"><\/i>\t\t\t<\/span>\n\t\t\t\t\t\t\t\t\t<span class=\"elementor-button-text\">Tous nos contacts  ICI !<\/span>\n\t\t\t\t\t<\/span>\n\t\t\t\t\t<\/a>\n\t\t\t\t<\/div>\n\t\t\t\t\t\t\t\t<\/div>\n\t\t\t\t<\/div>\n\t\t\t\t\t<\/div>\n\t\t<\/div>\n\t\t\t\t<div class=\"elementor-column elementor-col-50 elementor-top-column elementor-element elementor-element-3b895e62\" data-id=\"3b895e62\" data-element_type=\"column\" data-e-type=\"column\">\n\t\t\t<div class=\"elementor-widget-wrap elementor-element-populated\">\n\t\t\t\t\t\t<div class=\"elementor-element elementor-element-2c7d2e13 elementor-widget elementor-widget-image\" data-id=\"2c7d2e13\" data-element_type=\"widget\" data-e-type=\"widget\" data-settings=\"{&quot;motion_fx_motion_fx_scrolling&quot;:&quot;yes&quot;,&quot;motion_fx_translateY_effect&quot;:&quot;yes&quot;,&quot;motion_fx_translateY_direction&quot;:&quot;negative&quot;,&quot;motion_fx_translateY_speed&quot;:{&quot;unit&quot;:&quot;px&quot;,&quot;size&quot;:&quot;1&quot;,&quot;sizes&quot;:[]},&quot;motion_fx_devices&quot;:[&quot;desktop&quot;,&quot;tablet&quot;],&quot;motion_fx_translateY_affectedRange&quot;:{&quot;unit&quot;:&quot;%&quot;,&quot;size&quot;:&quot;&quot;,&quot;sizes&quot;:{&quot;start&quot;:&quot;0&quot;,&quot;end&quot;:&quot;50&quot;}}}\" data-widget_type=\"image.default\">\n\t\t\t\t<div class=\"elementor-widget-container\">\n\t\t\t\t\t\t\t\t\t\t\t\t\t\t\t<img loading=\"lazy\" decoding=\"async\" width=\"940\" height=\"788\" src=\"https:\/\/cftc-sicsti.fr\/cegid\/wp-content\/uploads\/sites\/145\/2021\/01\/besoin1.png\" class=\"attachment-full size-full wp-image-1265\" alt=\"\" \/>\t\t\t\t\t\t\t\t\t\t\t\t\t\t\t<\/div>\n\t\t\t\t<\/div>\n\t\t\t\t<section class=\"elementor-section elementor-inner-section elementor-element elementor-element-2642fad elementor-section-boxed elementor-section-height-default elementor-section-height-default\" data-id=\"2642fad\" data-element_type=\"section\" data-e-type=\"section\">\n\t\t\t\t\t\t<div class=\"elementor-container elementor-column-gap-default\">\n\t\t\t\t\t<div class=\"elementor-column elementor-col-50 elementor-inner-column elementor-element elementor-element-0a0edfd\" data-id=\"0a0edfd\" data-element_type=\"column\" data-e-type=\"column\">\n\t\t\t<div class=\"elementor-widget-wrap elementor-element-populated\">\n\t\t\t\t\t\t<div class=\"elementor-element elementor-element-85f4425 elementor-widget elementor-widget-text-editor\" data-id=\"85f4425\" data-element_type=\"widget\" data-e-type=\"widget\" data-widget_type=\"text-editor.default\">\n\t\t\t\t<div class=\"elementor-widget-container\">\n\t\t\t\t\t\t\t\t\t<p style=\"text-align: right;color: #ffffff;vertical-align: middle\">La CFTC respecte la<\/p>\t\t\t\t\t\t\t\t<\/div>\n\t\t\t\t<\/div>\n\t\t\t\t\t<\/div>\n\t\t<\/div>\n\t\t\t\t<div class=\"elementor-column elementor-col-50 elementor-inner-column elementor-element elementor-element-88c255e\" data-id=\"88c255e\" data-element_type=\"column\" data-e-type=\"column\">\n\t\t\t<div class=\"elementor-widget-wrap elementor-element-populated\">\n\t\t\t\t\t\t<div class=\"elementor-element elementor-element-a1f5bd0 elementor-widget elementor-widget-image\" data-id=\"a1f5bd0\" data-element_type=\"widget\" data-e-type=\"widget\" data-widget_type=\"image.default\">\n\t\t\t\t<div class=\"elementor-widget-container\">\n\t\t\t\t\t\t\t\t\t\t\t\t\t\t\t\t<a href=\"#elementor-action%3Aaction%3Dpopup%3Aopen%26settings%3DeyJpZCI6IjEzNTkiLCJ0b2dnbGUiOmZhbHNlfQ%3D%3D\">\n\t\t\t\t\t\t\t<img loading=\"lazy\" decoding=\"async\" width=\"800\" height=\"420\" src=\"https:\/\/cftc-sicsti.fr\/cegid\/wp-content\/uploads\/sites\/145\/2021\/01\/rgpd-bilan-1-an-fb1.jpg\" class=\"attachment-large size-large wp-image-1829\" alt=\"\" \/>\t\t\t\t\t\t\t\t<\/a>\n\t\t\t\t\t\t\t\t\t\t\t\t\t\t\t<\/div>\n\t\t\t\t<\/div>\n\t\t\t\t\t<\/div>\n\t\t<\/div>\n\t\t\t\t\t<\/div>\n\t\t<\/section>\n\t\t\t\t\t<\/div>\n\t\t<\/div>\n\t\t\t\t\t<\/div>\n\t\t<\/section>\n\t\t\t\t<\/div>\n\t\t","protected":false},"excerpt":{"rendered":"<p>tu seras syndicaliste\u00a0! Adh\u00e9rez \u00e0 la CFTC ! \u00a0\u00a0 \u00a0 Les syndicats existent parce que des personnes s\u2019associent pour \u00e9tudier et d\u00e9fendre les droits ainsi que les int\u00e9r\u00eats mat\u00e9riels et moraux, collectifs ou individuels des salari\u00e9s. Les militants de la CFTC vous conseillent, vous d\u00e9fendent et vous accompagnent au sein de votre entreprise et dans [&hellip;]<\/p>\n","protected":false},"author":306,"featured_media":0,"parent":0,"menu_order":0,"comment_status":"closed","ping_status":"closed","template":"","meta":{"footnotes":""},"class_list":["post-5485","page","type-page","status-publish","hentry"],"_links":{"self":[{"href":"https:\/\/cftc-sicsti.fr\/cegid\/wp-json\/wp\/v2\/pages\/5485","targetHints":{"allow":["GET"]}}],"collection":[{"href":"https:\/\/cftc-sicsti.fr\/cegid\/wp-json\/wp\/v2\/pages"}],"about":[{"href":"https:\/\/cftc-sicsti.fr\/cegid\/wp-json\/wp\/v2\/types\/page"}],"author":[{"embeddable":true,"href":"https:\/\/cftc-sicsti.fr\/cegid\/wp-json\/wp\/v2\/users\/306"}],"replies":[{"embeddable":true,"href":"https:\/\/cftc-sicsti.fr\/cegid\/wp-json\/wp\/v2\/comments?post=5485"}],"version-history":[{"count":3,"href":"https:\/\/cftc-sicsti.fr\/cegid\/wp-json\/wp\/v2\/pages\/5485\/revisions"}],"predecessor-version":[{"id":5489,"href":"https:\/\/cftc-sicsti.fr\/cegid\/wp-json\/wp\/v2\/pages\/5485\/revisions\/5489"}],"wp:attachment":[{"href":"https:\/\/cftc-sicsti.fr\/cegid\/wp-json\/wp\/v2\/media?parent=5485"}],"curies":[{"name":"wp","href":"https:\/\/api.w.org\/{rel}","templated":true}]}}