{"id":1289,"date":"2021-01-03T10:13:24","date_gmt":"2021-01-03T09:13:24","guid":{"rendered":"http:\/\/cftc-sicsti.fr\/cegid\/?page_id=1289"},"modified":"2023-01-23T14:29:48","modified_gmt":"2023-01-23T13:29:48","slug":"_qui-sommes-nous","status":"publish","type":"page","link":"https:\/\/cftc-sicsti.fr\/cegid\/_qui-sommes-nous\/","title":{"rendered":"_Qui sommes-nous ?"},"content":{"rendered":"\t\t<div data-elementor-type=\"wp-page\" data-elementor-id=\"1289\" class=\"elementor elementor-1289\" data-elementor-post-type=\"page\">\n\t\t\t\t\t\t<section class=\"elementor-section elementor-top-section elementor-element elementor-element-f2e462b elementor-section-height-min-height elementor-section-boxed elementor-section-height-default elementor-section-items-middle\" data-id=\"f2e462b\" data-element_type=\"section\" data-e-type=\"section\" data-settings=\"{&quot;background_background&quot;:&quot;classic&quot;}\">\n\t\t\t\t\t\t\t<div class=\"elementor-background-overlay\"><\/div>\n\t\t\t\t\t\t\t<div class=\"elementor-container elementor-column-gap-default\">\n\t\t\t\t\t<div class=\"elementor-column elementor-col-100 elementor-top-column elementor-element elementor-element-8860219\" data-id=\"8860219\" data-element_type=\"column\" data-e-type=\"column\">\n\t\t\t<div class=\"elementor-widget-wrap elementor-element-populated\">\n\t\t\t\t\t\t<div class=\"elementor-element elementor-element-9f9bbd5 elementor-widget elementor-widget-spacer\" data-id=\"9f9bbd5\" data-element_type=\"widget\" data-e-type=\"widget\" data-widget_type=\"spacer.default\">\n\t\t\t\t<div class=\"elementor-widget-container\">\n\t\t\t\t\t\t\t<div class=\"elementor-spacer\">\n\t\t\t<div class=\"elementor-spacer-inner\"><\/div>\n\t\t<\/div>\n\t\t\t\t\t\t<\/div>\n\t\t\t\t<\/div>\n\t\t\t\t<div class=\"elementor-element elementor-element-c250487 elementor-widget elementor-widget-image\" data-id=\"c250487\" data-element_type=\"widget\" data-e-type=\"widget\" data-widget_type=\"image.default\">\n\t\t\t\t<div class=\"elementor-widget-container\">\n\t\t\t\t\t\t\t\t\t\t\t\t\t\t\t<img fetchpriority=\"high\" decoding=\"async\" width=\"300\" height=\"300\" src=\"https:\/\/cftc-sicsti.fr\/cegid\/wp-content\/uploads\/sites\/145\/2023\/01\/Image4-300x300.png\" class=\"attachment-medium size-medium wp-image-5478\" alt=\"\" srcset=\"https:\/\/cftc-sicsti.fr\/cegid\/wp-content\/uploads\/sites\/145\/2023\/01\/Image4-300x300.png 300w, https:\/\/cftc-sicsti.fr\/cegid\/wp-content\/uploads\/sites\/145\/2023\/01\/Image4-150x150.png 150w, https:\/\/cftc-sicsti.fr\/cegid\/wp-content\/uploads\/sites\/145\/2023\/01\/Image4-600x599.png 600w, https:\/\/cftc-sicsti.fr\/cegid\/wp-content\/uploads\/sites\/145\/2023\/01\/Image4.png 602w\" sizes=\"(max-width: 300px) 100vw, 300px\" \/>\t\t\t\t\t\t\t\t\t\t\t\t\t\t\t<\/div>\n\t\t\t\t<\/div>\n\t\t\t\t<div class=\"elementor-element elementor-element-b141366 elementor-widget elementor-widget-text-editor\" data-id=\"b141366\" data-element_type=\"widget\" data-e-type=\"widget\" data-widget_type=\"text-editor.default\">\n\t\t\t\t<div class=\"elementor-widget-container\">\n\t\t\t\t\t\t\t\t\t<h2 style=\"margin: 0px;padding: 0px;border: 0px;font-size: 52px;vertical-align: baseline;font-family: Raleway, 'Helvetica Neue', Helvetica, sans-serif;text-transform: uppercase;font-weight: 800;text-align: center;color: #555555\"><span style=\"color: #b1b1b1;font-size: 11.5pt;font-family: Raleway, sans-serif\">100 ans de construction sociale<\/span><\/h2>\n<div><span style=\"color: #b1b1b1;font-size: 11.5pt;font-family: Raleway, sans-serif\">&nbsp;<\/span><\/div>\n<h2 style=\"margin: 0px;padding: 0px;border: 0px;font-size: 52px;vertical-align: baseline;font-family: Raleway, 'Helvetica Neue', Helvetica, sans-serif;text-transform: uppercase;font-weight: 800;text-align: center;color: #555555\">LA CFTC DEFEND TOUS LES SALARI\u00c9S<br>DEPUIS PLUS DE&nbsp;<\/h2>\n<h2 style=\"margin: 0px;padding: 0px;border: 0px;font-size: 52px;vertical-align: baseline;font-family: Raleway, 'Helvetica Neue', Helvetica, sans-serif;text-transform: uppercase;font-weight: 800;text-align: center;color: #555555\">100 ANS<\/h2>\n<div>&nbsp;<\/div>\n<div>\n<p style=\"font-family: Raleway, sans-serif;font-size: 25px;text-align: justify\">D\u00e8s que nos soci\u00e9t\u00e9s ont atteint un niveau d\u00e9mocratique satisfaisant, elles ont vu appara\u00eetre des syndicats de salari\u00e9s qui se sont battus pour qu\u2019on respecte leurs droits.<\/p>\n<p style=\"font-family: Raleway, sans-serif;font-size: 25px;text-align: justify\">La&nbsp;<a href=\"http:\/\/fr.wikipedia.org\/wiki\/Conf%C3%A9d%C3%A9ration_fran%C3%A7aise_des_travailleurs_chr%C3%A9tiens\">CFTC<\/a>&nbsp;<span style=\"color: var( --e-global-color-text );font-weight: var( --e-global-typography-text-font-weight )\">(Conf\u00e9d\u00e9ration fran\u00e7aise des travailleurs chr\u00e9tiens)<\/span><span style=\"color: var( --e-global-color-text );font-weight: var( --e-global-typography-text-font-weight )\">&nbsp;<\/span><span style=\"color: var( --e-global-color-text );font-weight: var( --e-global-typography-text-font-weight )\">est apparue en 1919, voici un peu plus d&rsquo;un si\u00e8cle, en d\u00e9fendant une vision r\u00e9formiste et non r\u00e9volutionnaire.<\/span><\/p>\n<p style=\"text-align: justify\"><span style=\"font-size: 25px;font-family: Raleway, sans-serif;color: var( --e-global-color-text );font-weight: var( --e-global-typography-text-font-weight )\">Son inspiration : les principes sociaux chr\u00e9tiens (libert\u00e9, solidarit\u00e9, subsidiarit\u00e9, justice sociale&#8230;) dans lesquels tous les Hommes peuvent se retrouver, quelles que soient leurs convictions religieuses ou philosophiques.<\/span><\/p>\n<p style=\"text-align: justify\"><span style=\"font-size: 25px;font-family: Raleway, sans-serif;color: var( --e-global-color-text );font-weight: var( --e-global-typography-text-font-weight )\">&nbsp;<\/span><\/p>\n<p style=\"text-align: justify\"><span style=\"font-size: 25px;font-family: Raleway, sans-serif;color: var( --e-global-color-text );font-weight: var( --e-global-typography-text-font-weight )\">Notre <a href=\"http:\/\/cftc.fr\">site conf\u00e9d\u00e9ral<\/a> vous donnera plus de pr\u00e9cisions sur notre <a href=\"http:\/\/cftc.fr\/notre-histoire\">histoire<\/a>,&nbsp;nos<\/span><span style=\"color: var( --e-global-color-text );font-weight: var( --e-global-typography-text-font-weight );font-size: 11pt;line-height: 107%;font-family: Calibri, sans-serif\"><a href=\"http:\/\/cftc.fr\/nous-connaitre\/lequipe-dirigeante\"><span style=\"font-size: 19pt;line-height: 107%;font-family: Arial, sans-serif;background-image: initial;background-position: initial;background-size: initial;background-attachment: initial\">&nbsp;<\/span><\/a><span style=\"font-size: 19pt;line-height: 107%;font-family: Arial, sans-serif;background-image: initial;background-position: initial;background-size: initial;background-attachment: initial\"><a href=\"http:\/\/cftc.fr\/nous-connaitre\/cftc-syndicat-humaniste\">valeurs<\/a>&nbsp;et notre <a href=\"http:\/\/cftc.fr\/projet-cftc\">projet<\/a>.<\/span><\/span><\/p>\n<p style=\"text-align: right\">\n<\/p><\/div>\t\t\t\t\t\t\t\t<\/div>\n\t\t\t\t<\/div>\n\t\t\t\t\t<\/div>\n\t\t<\/div>\n\t\t\t\t\t<\/div>\n\t\t<\/section>\n\t\t\t\t<section class=\"elementor-section elementor-top-section elementor-element elementor-element-b2bee70 elementor-section-boxed elementor-section-height-default elementor-section-height-default\" data-id=\"b2bee70\" data-element_type=\"section\" data-e-type=\"section\" data-settings=\"{&quot;background_background&quot;:&quot;classic&quot;}\">\n\t\t\t\t\t\t\t<div class=\"elementor-background-overlay\"><\/div>\n\t\t\t\t\t\t\t<div class=\"elementor-container elementor-column-gap-default\">\n\t\t\t\t\t<div class=\"elementor-column elementor-col-100 elementor-top-column elementor-element elementor-element-e88b3e1\" data-id=\"e88b3e1\" data-element_type=\"column\" data-e-type=\"column\">\n\t\t\t<div class=\"elementor-widget-wrap elementor-element-populated\">\n\t\t\t\t\t\t<div class=\"elementor-element elementor-element-0b597ca elementor-widget elementor-widget-video\" data-id=\"0b597ca\" data-element_type=\"widget\" data-e-type=\"widget\" data-settings=\"{&quot;youtube_url&quot;:&quot;http:\\\/\\\/youtu.be\\\/OE8ggPYI7qI&quot;,&quot;video_type&quot;:&quot;youtube&quot;,&quot;controls&quot;:&quot;yes&quot;}\" data-widget_type=\"video.default\">\n\t\t\t\t<div class=\"elementor-widget-container\">\n\t\t\t\t\t\t\t<div class=\"elementor-wrapper elementor-open-inline\">\n\t\t\t<div class=\"elementor-video\"><\/div>\t\t<\/div>\n\t\t\t\t\t\t<\/div>\n\t\t\t\t<\/div>\n\t\t\t\t<div class=\"elementor-element elementor-element-b2bb68a elementor-widget elementor-widget-text-editor\" data-id=\"b2bb68a\" data-element_type=\"widget\" data-e-type=\"widget\" data-widget_type=\"text-editor.default\">\n\t\t\t\t<div class=\"elementor-widget-container\">\n\t\t\t\t\t\t\t\t\t<h2 style=\"margin: 0px;padding: 0px;border: 0px;font-size: 52px;vertical-align: baseline;font-family: Raleway, 'Helvetica Neue', Helvetica, sans-serif;text-transform: uppercase;color: #555555;text-align: center\"><span style=\"color: #b1b1b1;font-family: Raleway, sans-serif;font-size: 11.5pt\"><b>une organisation rod\u00e9e<\/b><\/span><span style=\"font-weight: 400;color: #b1b1b1;font-family: Raleway, sans-serif;font-size: 11.5pt\">\u00a0<\/span><\/h2><h2 style=\"margin: 0px;padding: 0px;border: 0px;font-size: 52px;vertical-align: baseline;font-family: Raleway, 'Helvetica Neue', Helvetica, sans-serif;text-transform: uppercase;font-weight: 800;text-align: center;color: #555555\">La CFTC est repr\u00e9sentiative dans le monde syndical et p\u00e8se dans les n\u00e9gociations avec le gouvernement<\/h2><div>\u00a0<\/div><div><p style=\"font-family: Raleway, sans-serif;font-size: 25px;text-align: justify\">\u00a0<\/p><p style=\"text-align: justify\">\u00a0<\/p><p style=\"text-align: justify\"><span style=\"font-size: 25px;font-family: Raleway, sans-serif;color: var( --e-global-color-text )\">\u00a0<\/span><\/p><p style=\"text-align: justify\"><span style=\"font-weight: bold;color: var( --e-global-color-text );font-size: 1rem;font-family: Raleway, sans-serif\"><span style=\"font-size: 25px\">NOUS PESONS\u00a0<\/span><\/span><span style=\"font-weight: bold;color: var( --e-global-color-text );font-size: 25px;font-family: Raleway, sans-serif\">AU NIVEAU NATIONAL<\/span><\/p><p style=\"text-align: justify\"><span style=\"font-family: Raleway, sans-serif;font-size: 25px;color: var( --e-global-color-text )\">Suite aux 2 premiers cycles institu\u00e9s \u00e0 partir de la loi de 2008 sur la repr\u00e9sentativit\u00e9, La CFTC a prouv\u00e9 son ancrage dans le paysage syndical fran\u00e7ais avec un score qui fr\u00f4le 10% du corps \u00e9lectoral et 500 000 voix !<\/span><\/p><p style=\"text-align: justify\"><span style=\"font-family: Raleway, sans-serif\"><span style=\"font-size: 25px\">La CFTC est un partenaire social de poids : elle fait partie des 5 organisations syndicales repr\u00e9sentatives au niveau national, et peut donc l\u00e9gitimement\u00a0<\/span><\/span><span style=\"color: var( --e-global-color-text );font-size: 1rem;font-family: Raleway, sans-serif\"><span style=\"font-size: 25px\">s\u2019exprimer au nom de tous les salari\u00e9s. Ce statut lui permet de donner son avis dans les diff\u00e9rentes institutions de la R\u00e9publique. Les \u00e9lus CFTC portent les valeurs et les revendications de la CFTC. \u00c0 travers notamment les auditions au Parlement, au sein des Minist\u00e8res, \u00e0 l\u2019Elys\u00e9e.<\/span><\/span><\/p><p style=\"text-align: justify\"><span style=\"font-family: Raleway, sans-serif\"><span style=\"font-size: 25px\">\u00a0<\/span><\/span><\/p><p style=\"text-align: justify\"><span style=\"font-weight: bold;color: var( --e-global-color-text );font-size: 1rem\"><span style=\"font-family: Raleway, sans-serif\"><span style=\"font-size: 25px\">NOTRE ORGANISATION EST SOLIDE<\/span><\/span><\/span><\/p><p style=\"text-align: justify\"><span style=\"font-size: 25px;font-family: Raleway, sans-serif;color: var( --e-global-color-text )\">Notre conf\u00e9d\u00e9ration d\u00e9montre enfin son s\u00e9rieux par l&rsquo;interm\u00e9diaire de ses <\/span><a style=\"font-size: 25px;font-family: Raleway, sans-serif;background-color: #ffffff\" href=\"http:\/\/cftc.fr\/nous-connaitre\/lequipe-dirigeante\">dirigeants<\/a><span style=\"font-size: 25px;font-family: Raleway, sans-serif;color: var( --e-global-color-text )\">\u00a0qui assurent sa <\/span><a style=\"font-size: 25px;font-family: Raleway, sans-serif;background-color: #ffffff\" href=\"http:\/\/cftc.fr\/nous-connaitre\/transparence-financiere\">transparence financi\u00e8re<\/a><span style=\"font-size: 25px;font-family: Raleway, sans-serif;color: var( --e-global-color-text )\">.<\/span><\/p><p style=\"text-align: justify\">\u00a0<\/p><p style=\"text-align: justify\"><b><span style=\"font-family: Raleway, sans-serif\"><span style=\"font-size: 25px\">NOUS PREPARONS LE SYNDICALISME DE DEMAIN<\/span><\/span><\/b><\/p><p style=\"text-align: justify\"><span style=\"font-family: Raleway, sans-serif\"><span style=\"font-size: 25px\">Dans un contexte de fortes \u00e9volutions du monde du travail, r\u00e9sultant\u00a0essentiellement de la mondialisation et de l\u2019interd\u00e9pendance des \u00e9conomies,\u00a0le syndicalisme CFTC doit int\u00e9grer\u00a0dans ses combats l\u2019anticipation des transitions \u00e9cologiques,\u00a0num\u00e9rique\/robotique, la s\u00e9curisation des parcours\u00a0des travailleurs, dans le cadre<br \/>d\u2019activit\u00e9s \u00e0 statut variable et la protection sociale du<br \/>travailleur attach\u00e9e \u00e0 sa\u00a0personne.\u00a0<\/span><\/span><\/p><p style=\"text-align: justify\"><span style=\"color: var( --e-global-color-text );font-size: 1rem;font-family: Raleway, sans-serif\"><span style=\"font-size: 25px\">\u00a0<\/span><\/span><\/p><p style=\"text-align: justify\"><span style=\"color: #555555;font-family: Raleway, 'Helvetica Neue', Helvetica, sans-serif;font-size: 52px;font-weight: 800;text-align: center;text-transform: uppercase\">REJOIgnez-nous !<\/span><\/p><p style=\"text-align: justify\"><span style=\"color: #555555;font-family: Raleway, 'Helvetica Neue', Helvetica, sans-serif;font-size: 52px;font-weight: 800;text-align: center;text-transform: uppercase\">\u00a0<\/span><\/p><p style=\"text-align: justify\">\u00a0<\/p><\/div>\t\t\t\t\t\t\t\t<\/div>\n\t\t\t\t<\/div>\n\t\t\t\t\t<\/div>\n\t\t<\/div>\n\t\t\t\t\t<\/div>\n\t\t<\/section>\n\t\t\t\t<section class=\"elementor-section elementor-top-section elementor-element elementor-element-7ff104a4 elementor-section-boxed elementor-section-height-default elementor-section-height-default\" data-id=\"7ff104a4\" data-element_type=\"section\" data-e-type=\"section\" data-settings=\"{&quot;background_background&quot;:&quot;gradient&quot;,&quot;shape_divider_top&quot;:&quot;waves&quot;}\">\n\t\t\t\t\t\t\t<div class=\"elementor-background-overlay\"><\/div>\n\t\t\t\t\t\t<div class=\"elementor-shape elementor-shape-top\" aria-hidden=\"true\" data-negative=\"false\">\n\t\t\t<svg xmlns=\"http:\/\/www.w3.org\/2000\/svg\" viewBox=\"0 0 1000 100\" preserveAspectRatio=\"none\">\n\t<path class=\"elementor-shape-fill\" d=\"M421.9,6.5c22.6-2.5,51.5,0.4,75.5,5.3c23.6,4.9,70.9,23.5,100.5,35.7c75.8,32.2,133.7,44.5,192.6,49.7\n\tc23.6,2.1,48.7,3.5,103.4-2.5c54.7-6,106.2-25.6,106.2-25.6V0H0v30.3c0,0,72,32.6,158.4,30.5c39.2-0.7,92.8-6.7,134-22.4\n\tc21.2-8.1,52.2-18.2,79.7-24.2C399.3,7.9,411.6,7.5,421.9,6.5z\"\/>\n<\/svg>\t\t<\/div>\n\t\t\t\t\t<div class=\"elementor-container elementor-column-gap-default\">\n\t\t\t\t\t<div class=\"elementor-column elementor-col-50 elementor-top-column elementor-element elementor-element-694c8592\" data-id=\"694c8592\" data-element_type=\"column\" data-e-type=\"column\">\n\t\t\t<div class=\"elementor-widget-wrap elementor-element-populated\">\n\t\t\t\t\t\t<div class=\"elementor-element elementor-element-d081827 elementor-widget elementor-widget-heading\" data-id=\"d081827\" data-element_type=\"widget\" data-e-type=\"widget\" data-widget_type=\"heading.default\">\n\t\t\t\t<div class=\"elementor-widget-container\">\n\t\t\t\t\t<h4 class=\"elementor-heading-title elementor-size-default\">Nos id\u00e9es t'int\u00e9ressent ? <br>Qui sait : un jour tu auras peut-\u00eatre besoin de la CFTC ?<\/h4>\t\t\t\t<\/div>\n\t\t\t\t<\/div>\n\t\t\t\t<div class=\"elementor-element elementor-element-7b33d16e elementor-widget elementor-widget-heading\" data-id=\"7b33d16e\" data-element_type=\"widget\" data-e-type=\"widget\" data-widget_type=\"heading.default\">\n\t\t\t\t<div class=\"elementor-widget-container\">\n\t\t\t\t\t<h2 class=\"elementor-heading-title elementor-size-default\">N'h\u00e9site pas \u00e0 nous joindre directement !<\/h2>\t\t\t\t<\/div>\n\t\t\t\t<\/div>\n\t\t\t\t<div class=\"elementor-element elementor-element-4e7fe35 elementor-mobile-align-center elementor-widget elementor-widget-button\" data-id=\"4e7fe35\" data-element_type=\"widget\" data-e-type=\"widget\" data-widget_type=\"button.default\">\n\t\t\t\t<div class=\"elementor-widget-container\">\n\t\t\t\t\t\t\t\t\t<div class=\"elementor-button-wrapper\">\n\t\t\t\t\t<a class=\"elementor-button elementor-button-link elementor-size-md\" href=\"http:\/\/cftc-sicsti.fr\/cegid\/?page_id=59\">\n\t\t\t\t\t\t<span class=\"elementor-button-content-wrapper\">\n\t\t\t\t\t\t<span class=\"elementor-button-icon\">\n\t\t\t\t<i aria-hidden=\"true\" class=\"fas fa-arrow-right\"><\/i>\t\t\t<\/span>\n\t\t\t\t\t\t\t\t\t<span class=\"elementor-button-text\">Tous nos contacts  ICI !<\/span>\n\t\t\t\t\t<\/span>\n\t\t\t\t\t<\/a>\n\t\t\t\t<\/div>\n\t\t\t\t\t\t\t\t<\/div>\n\t\t\t\t<\/div>\n\t\t\t\t\t<\/div>\n\t\t<\/div>\n\t\t\t\t<div class=\"elementor-column elementor-col-50 elementor-top-column elementor-element elementor-element-3b895e62\" data-id=\"3b895e62\" data-element_type=\"column\" data-e-type=\"column\">\n\t\t\t<div class=\"elementor-widget-wrap elementor-element-populated\">\n\t\t\t\t\t\t<div class=\"elementor-element elementor-element-2c7d2e13 elementor-widget elementor-widget-image\" data-id=\"2c7d2e13\" data-element_type=\"widget\" data-e-type=\"widget\" data-settings=\"{&quot;motion_fx_motion_fx_scrolling&quot;:&quot;yes&quot;,&quot;motion_fx_translateY_effect&quot;:&quot;yes&quot;,&quot;motion_fx_translateY_direction&quot;:&quot;negative&quot;,&quot;motion_fx_translateY_speed&quot;:{&quot;unit&quot;:&quot;px&quot;,&quot;size&quot;:&quot;1&quot;,&quot;sizes&quot;:[]},&quot;motion_fx_devices&quot;:[&quot;desktop&quot;,&quot;tablet&quot;],&quot;motion_fx_translateY_affectedRange&quot;:{&quot;unit&quot;:&quot;%&quot;,&quot;size&quot;:&quot;&quot;,&quot;sizes&quot;:{&quot;start&quot;:&quot;0&quot;,&quot;end&quot;:&quot;50&quot;}}}\" data-widget_type=\"image.default\">\n\t\t\t\t<div class=\"elementor-widget-container\">\n\t\t\t\t\t\t\t\t\t\t\t\t\t\t\t<img decoding=\"async\" width=\"940\" height=\"788\" src=\"https:\/\/cftc-sicsti.fr\/cegid\/wp-content\/uploads\/sites\/145\/2021\/01\/besoin1.png\" class=\"attachment-full size-full wp-image-1265\" alt=\"\" \/>\t\t\t\t\t\t\t\t\t\t\t\t\t\t\t<\/div>\n\t\t\t\t<\/div>\n\t\t\t\t<section class=\"elementor-section elementor-inner-section elementor-element elementor-element-2642fad elementor-section-boxed elementor-section-height-default elementor-section-height-default\" data-id=\"2642fad\" data-element_type=\"section\" data-e-type=\"section\">\n\t\t\t\t\t\t<div class=\"elementor-container elementor-column-gap-default\">\n\t\t\t\t\t<div class=\"elementor-column elementor-col-50 elementor-inner-column elementor-element elementor-element-0a0edfd\" data-id=\"0a0edfd\" data-element_type=\"column\" data-e-type=\"column\">\n\t\t\t<div class=\"elementor-widget-wrap elementor-element-populated\">\n\t\t\t\t\t\t<div class=\"elementor-element elementor-element-85f4425 elementor-widget elementor-widget-text-editor\" data-id=\"85f4425\" data-element_type=\"widget\" data-e-type=\"widget\" data-widget_type=\"text-editor.default\">\n\t\t\t\t<div class=\"elementor-widget-container\">\n\t\t\t\t\t\t\t\t\t<p style=\"text-align: right;color: #ffffff;vertical-align: middle\">La CFTC respecte la<\/p>\t\t\t\t\t\t\t\t<\/div>\n\t\t\t\t<\/div>\n\t\t\t\t\t<\/div>\n\t\t<\/div>\n\t\t\t\t<div class=\"elementor-column elementor-col-50 elementor-inner-column elementor-element elementor-element-88c255e\" data-id=\"88c255e\" data-element_type=\"column\" data-e-type=\"column\">\n\t\t\t<div class=\"elementor-widget-wrap elementor-element-populated\">\n\t\t\t\t\t\t<div class=\"elementor-element elementor-element-a1f5bd0 elementor-widget elementor-widget-image\" data-id=\"a1f5bd0\" data-element_type=\"widget\" data-e-type=\"widget\" data-widget_type=\"image.default\">\n\t\t\t\t<div class=\"elementor-widget-container\">\n\t\t\t\t\t\t\t\t\t\t\t\t\t\t\t\t<a href=\"#elementor-action%3Aaction%3Dpopup%3Aopen%26settings%3DeyJpZCI6IjEzNTkiLCJ0b2dnbGUiOmZhbHNlfQ%3D%3D\">\n\t\t\t\t\t\t\t<img decoding=\"async\" width=\"800\" height=\"420\" src=\"https:\/\/cftc-sicsti.fr\/cegid\/wp-content\/uploads\/sites\/145\/2021\/01\/rgpd-bilan-1-an-fb1.jpg\" class=\"attachment-large size-large wp-image-1829\" alt=\"\" \/>\t\t\t\t\t\t\t\t<\/a>\n\t\t\t\t\t\t\t\t\t\t\t\t\t\t\t<\/div>\n\t\t\t\t<\/div>\n\t\t\t\t\t<\/div>\n\t\t<\/div>\n\t\t\t\t\t<\/div>\n\t\t<\/section>\n\t\t\t\t\t<\/div>\n\t\t<\/div>\n\t\t\t\t\t<\/div>\n\t\t<\/section>\n\t\t\t\t<\/div>\n\t\t","protected":false},"excerpt":{"rendered":"<p>100 ans de construction sociale &nbsp; LA CFTC DEFEND TOUS LES SALARI\u00c9SDEPUIS PLUS DE&nbsp; 100 ANS &nbsp; D\u00e8s que nos soci\u00e9t\u00e9s ont atteint un niveau d\u00e9mocratique satisfaisant, elles ont vu appara\u00eetre des syndicats de salari\u00e9s qui se sont battus pour qu\u2019on respecte leurs droits. La&nbsp;CFTC&nbsp;(Conf\u00e9d\u00e9ration fran\u00e7aise des travailleurs chr\u00e9tiens)&nbsp;est apparue en 1919, voici un peu [&hellip;]<\/p>\n","protected":false},"author":1,"featured_media":0,"parent":0,"menu_order":0,"comment_status":"closed","ping_status":"closed","template":"","meta":{"footnotes":""},"class_list":["post-1289","page","type-page","status-publish","hentry"],"_links":{"self":[{"href":"https:\/\/cftc-sicsti.fr\/cegid\/wp-json\/wp\/v2\/pages\/1289","targetHints":{"allow":["GET"]}}],"collection":[{"href":"https:\/\/cftc-sicsti.fr\/cegid\/wp-json\/wp\/v2\/pages"}],"about":[{"href":"https:\/\/cftc-sicsti.fr\/cegid\/wp-json\/wp\/v2\/types\/page"}],"author":[{"embeddable":true,"href":"https:\/\/cftc-sicsti.fr\/cegid\/wp-json\/wp\/v2\/users\/1"}],"replies":[{"embeddable":true,"href":"https:\/\/cftc-sicsti.fr\/cegid\/wp-json\/wp\/v2\/comments?post=1289"}],"version-history":[{"count":3,"href":"https:\/\/cftc-sicsti.fr\/cegid\/wp-json\/wp\/v2\/pages\/1289\/revisions"}],"predecessor-version":[{"id":5527,"href":"https:\/\/cftc-sicsti.fr\/cegid\/wp-json\/wp\/v2\/pages\/1289\/revisions\/5527"}],"wp:attachment":[{"href":"https:\/\/cftc-sicsti.fr\/cegid\/wp-json\/wp\/v2\/media?parent=1289"}],"curies":[{"name":"wp","href":"https:\/\/api.w.org\/{rel}","templated":true}]}}